alse
Is 238 a factor of 1543668?
True
Is 77 a factor of 2695616?
True
Does 4 divide 180429?
False
Is 350784 a multiple of 32?
True
Does 203 divide 349475?
False
Is 3951279 a multiple of 12?
False
Is 125 a factor of 1541077?
False
Is 24 a factor of 21616?
False
Does 2 divide 156956?
True
Is 237528 a multiple of 24?
True
Does 15 divide 281970?
True
Is 34 a factor of 6197652?
False
Does 57 divide 256728?
True
Does 17 divide 1121592?
True
Is 1056638 a multiple of 108?
False
Does 10 divide 122588?
False
Is 103 a factor of 4666518?
True
Is 374660 a multiple of 130?
True
Does 4 divide 211282?
False
Is 29 a factor of 27985?
True
Does 18 divide 499258?
False
Is 45617 a multiple of 13?
True
Does 11 divide 924273?
False
Does 55 divide 84975?
True
Does 39 divide 151047?
True
Is 784 a factor of 179824?
False
Is 15 a factor of 377646?
False
Is 16 a factor of 785937?
False
Does 11 divide 28996?
True
Is 563576 a multiple of 114?
False
Is 34 a factor of 912565?
False
Is 33004 a multiple of 56?
False
Is 253930 a multiple of 19?
False
Does 12 divide 10137240?
True
Is 133400 a multiple of 580?
True
Does 1220 divide 3397700?
True
Is 1543479 a multiple of 23?
False
Does 787 divide 598120?
True
Is 107 a factor of 422329?
True
Is 841781 a multiple of 7?
False
Does 15 divide 11835?
True
Is 2415018 a multiple of 18?
False
Does 16 divide 778128?
True
Is 16 a factor of 4512032?
True
Does 56 divide 112728?
True
Does 94 divide 15352451?
False
Is 492 a factor of 6006828?
True
Is 496935 a multiple of 409?
True
Is 73 a factor of 3085?
False
Does 17 divide 140641?
True
Is 3 a factor of 23035?
False
Is 38772 a multiple of 28?
False
Is 2709688 a multiple of 6?
False
Does 153 divide 2501638?
False
Does 132 divide 88308?
True
Does 174 divide 504774?
True
Is 2136272 a multiple of 5?
False
Is 63 a factor of 53983?
False
Does 224 divide 185233?
False
Is 29940360 a multiple of 120?
True
Does 11 divide 2244899?
False
Is 615317 a multiple of 73?
True
Is 1627345 a multiple of 31?
True
Is 79 a factor of 1846899?
False
Is 183717 a multiple of 5?
False
Is 48 a factor of 1323744?
True
Is 318 a factor of 1665850?
False
Does 110 divide 21120?
True
Does 10 divide 57115?
False
Does 18 divide 228782?
False
Is 493862 a multiple of 439?
False
Does 27 divide 3461?
False
Is 283 a factor of 3198183?
True
Is 510714 a multiple of 9?
True
Does 2 divide 5128323?
False
Is 139326 a multiple of 66?
True
Does 33 divide 2346366?
True
Is 121 a factor of 12310?
False
Is 11 a factor of 4595503?
True
Does 68 divide 235172?
False
Is 99 a factor of 1053360?
True
Is 1413345 a multiple of 262?
False
Is 23 a factor of 297662?
False
Is 304416 a multiple of 84?
True
Does 36 divide 784456?
False
Does 39 divide 217503?
True
Is 89754 a multiple of 6?
True
Does 2 divide 310542?
True
Does 73 divide 461068?
True
Is 374 a factor of 1289926?
True
Does 132 divide 1522144?
False
Does 50 divide 312150?
True
Is 493 a factor of 750839?
True
Is 292 a factor of 5958552?
True
Is 449224 a multiple of 96?
False
Is 13 a factor of 1510041?
True
Is 77504 a multiple of 56?
True
Is 18 a factor of 30368?
False
Is 150000 a multiple of 12?
True
Is 13945722 a multiple of 93?
True
Is 9 a factor of 93249?
True
Does 42 divide 2364768?
True
Is 7471028 a multiple of 1996?
True
Is 18354 a multiple of 19?
True
Does 20 divide 47934?
False
Is 60 a factor of 441060?
True
Is 288303 a multiple of 30?
False
Does 142 divide 1788064?
True
Does 9 divide 364472?
False
Does 950 divide 1187500?
True
Is 12 a factor of 6056871?
False
Is 20020 a multiple of 52?
True
Is 15 a factor of 2409?
False
Is 151244 a multiple of 3?
False
Is 3632325 a multiple of 19?
True
Is 8 a factor of 214960?
True
Is 63960 a multiple of 205?
True
Is 4411711 a multiple of 111?
False
Does 16 divide 914528?
True
Is 443464 a multiple of 220?
False
Is 241967 a multiple of 11?
True
Is 79 a factor of 7696259?
True
Is 36 a factor of 4392072?
True
Does 19 divide 4935744?
True
Is 12 a factor of 100332?
True
Does 211 divide 956885?
True
Is 580 a factor of 1449420?
True
Is 452 a factor of 1061292?
False
Is 583088 a multiple of 169?
False
Is 99 a factor of 42720?
False
Is 28 a factor of 68005?
False
Is 14007 a multiple of 87?
True
Is 68 a factor of 268464?
True
Does 22 divide 615950?
False
Does 195 divide 449865?
True
Does 602 divide 9788520?
True
Is 848235 a multiple of 193?
True
Is 8 a factor of 33704?
True
Does 7 divide 100107?
True
Is 8060 a multiple of 10?
True
Is 5569872 a multiple of 336?
True
Does 223 divide 211850?
True
Is 15 a factor of 11961090?
True
Is 188547 a multiple of 121?
False
Is 371 a factor of 354676?
True
Is 34 a factor of 143918?
False
Is 988 a factor of 8942388?
True
Is 146 a factor of 2293805?
False
Is 240 a factor of 1374720?
True
Is 404289 a multiple of 44?
False
Is 800 a factor of 700808?
False
Does 17 divide 112788?
False
Does 260 divide 879580?
True
Is 18 a factor of 140238?
True
Is 6606348 a multiple of 7?
True
Is 149874 a multiple of 12?
False
Does 78 divide 155610?
True
Does 30 divide 4418880?
True
Is 517590 a multiple of 27?
True
Is 87775 a multiple of 13?
False
Does 166 divide 808667?
False
Is 427014 a multiple of 63?
True
Is 77 a factor of 160622?
True
Is 44986 a multiple of 7?
False
Is 11176 a multiple of 8?
True
Is 827424 a multiple of 612?
True
Is 11 a factor of 30669?
False
Is 1532733 a multiple of 713?
False
Is 10 a factor of 61850?
True
Is 3201240 a multiple of 412?
True
Is 36060 a multiple of 102?
False
Is 5519 a multiple of 12?
False
Does 29 divide 1480800?
False
Does 40 divide 11630356?
False
Is 9084765 a multiple of 62?
False
Is 1994144 a multiple of 101?
True
Does 40 divide 129236?
False
Is 674428 a multiple of 139?
True
Does 23 divide 191800?
False
Does 238 divide 2971654?
False
Is 7449 a multiple of 7?
False
Is 4160916 a multiple of 236?
True
Does 36 divide 20229192?
True
Does 13 divide 4903945?
False
Is 1017 a factor of 6601347?
True
Is 428220 a multiple of 18?
True
Is 3844499 a multiple of 248?
False
Is 4 a factor of 485368?
True
Does 63 divide 103773?
False
Is 1951005 a multiple of 85?
True
Is 3744789 a multiple of 6?
False
Does 313 divide 707965?
False
Is 4 a factor of 1731729?
False
Does 15 divide 1726820?
False
Is 13 a factor of 100451?
True
Is 256636 a multiple of 129?
False
Is 29 a factor of 926628?
False
Is 94604 a multiple of 52?
False
Does 340 divide 1889129?
False
Is 43952 a multiple of 16?
True
Is 187 a factor of 2639692?
True
Is 312252 a multiple of 84?
False
Does 20 divide 1184607?
False
Is 36 a factor of 575748?
True
Does 168 divide 4448976?
True
Is 61 a factor of 221451?
False
Is 48 a factor of 111197?
False
Does 323 divide 2315264?
True
Does 4 divide 260617?
False
Is 79546 even?
True
Is 124 a factor of 149132?
False
Is 483 a factor of 2846802?
True
Is 15 a factor of 3112903?
False
Does 514 divide 5009782?
False
Is 7302604 a multiple of 88?
False
Is 33 a factor of 93839?
False
Does 11 divide 1808697?
True
Is 334 a factor of 5676996?
False
Is 54 a factor of 421369?
False
Is 49 a factor of 220990?
True
Is 2011320 a multiple of 170?
False
Is 542 a factor of 809206?
True
Is 9255205 a multiple of 878?
False
Is 94 a factor of 168693?
False
Is 31 a factor of 90147?
False
Is 367920 a multiple of 16?
True
Is 28 a factor of 684040?
True
Does 78 divide 7279038?
True
Is 11 a factor of 5100451?
False
Does 51 divide 492841?
False
Is 1130200 a multiple of 24?
False
Is 4 a factor of 9886?
False
Does 87 divide 9951151?
False
Is 20 a factor of 3411160?
True
Is 28 a factor of 39645592?
True
Is 622 a factor of 359516?
True
Is 256718 a multiple of 4?
False
Is 30315 a multiple of 6?
False
Does 530 divide 3175760?
True
Does 58 divide 4415366?
True
Is 15 a factor of 70575?
True
Does 139 divide 9780140?
False
Is 4238650 a multiple of 130?
True
Does 68 divide 1604789?
False
Is 84328 a multiple of 49?
False
Does 58 divide 141063?
False
Is 102300 a multiple of 150?
True
Does 14 divide 888492?
False
Is 49 a factor of 2764029?
False
Is 275880 a multiple of 190?
True
Is 1049384 a multiple of 45?
False
Does 112 divide 6666772?
False
Does 2 divide 55922?
True
Is 3 a factor of 243201?
True
Does 243 divide 217637?
False
Does 15 divide 989161?
False
Is 411 a factor of 2634921?
True
Is 105523 a multiple of 11?
True
Is 1354010 a multiple of 145?
True
Is 12 a factor of 7671